et h be l(w). Let x(m) = -m**3 + 7*m**2 + m + 6. Give x(h).
13
Let u(k) = 11*k**2 + 20*k + 40. Let t(b) = -21*b**2 - 40*b - 76. Let f(x) = -9*t(x) - 17*u(x). Calculate f(-10).
4
Let r(q) be the second derivative of q**6/720 - 85*q**4/12 + q**2 - 2*q - 157. Let y(h) be the third derivative of r(h). Give y(-6).
-6
Let g(y) = -52*y**2 - 175371*y + 175372*y + 20*y**2. Give g(1).
-31
Let s(r) = r**2 + 8*r. Let d(c) = -3*c**3 - 25*c**2 - 28*c - 166. Let a be d(-8). Determine s(a).
-12
Let x(w) = 23*w + 1. Let r(l) = 72*l - 3. Let v(y) = -r(y) + 3*x(y). Determine v(6).
-12
Let f(p) = -p**3 + 13*p**2 - 5*p + 41. Let k(h) = 4*h**2 + h - 8. Let l(g) = f(g) + 3*k(g). Determine l(25).
-33
Suppose -t - i - 113 = -114, 1 = 3*t + 5*i. Suppose 2*z - 32 = -0*z. Suppose -24 = -t*c - z. Let b(h) = h**2 + h. Give b(c).
20
Let c(z) = -27*z + 227. Let k(m) = -6*m + 2. Let p(l) = -c(l) + 6*k(l). Determine p(-24).
1
Let l(u) = 19*u**2 - 4*u - 99. Let y(k) = 41*k**2 - 9*k - 214. Let f(m) = 13*l(m) - 6*y(m). Let n be -3*(2/2 - 0). Give f(n).
0
Let u(x) = 3*x**3 - 5*x**2 - 5*x - 3. Let p(d) = -4*d**3 + 5*d**2 + 6*d + 3. Let i(n) = 2*p(n) + 3*u(n). Suppose 15 = b + 2*b. Give i(b).
-18
Let x(b) = 2*b**3 - 21*b**2 + 9*b + 8. Suppose 127*v - 1687 - 813 = -123*v. What is x(v)?
-2
Let i(f) = -f**3 + 8*f**2 + f - 4. Let v be i(8). Let k(w) = w**3 - 10*w**2 + 10*w. Let t be k(v). Let r = -56 - t. Let z(g) = -g**2 + g + 18. Determine z(r).
18
Let m(f) = -f**3 - f**2 - f - 1. Let v(x) = -x**3 + 9*x**2 + 8*x + 1. Let r = 241 - 240. Let b(q) = r*v(q) - 2*m(q). Give b(-10).
3
Let y(z) = -20*z - 3. Let c(p) = p + 1. Let l(r) = -4*r - 20. Let n be 4/(8/54) - 6/2. Let u(b) = n*c(b) + l(b). Let j(s) = 4*u(s) + 5*y(s). Give j(-1).
21
Let a be (15/5 - -2) + -4. Let j(m) = 10*m**3 + 3*m + 8*m**3 - 17*m**3 - 4*m + a + 8*m**2. Suppose 2*f + 9 = -3*w - 15, -5*f = -5*w - 40. Give j(w).
9
Let h(f) = -f**2 - 20*f - 54. Let q be h(-16). Let r be (3/1)/((4/q)/2). Let n be 65/r + 8/(-6). Let k(y) = -2*y - 1. What is k(n)?
-7
Let n(j) = -j + 9. Let r(o) = -o**2 + 18*o + 4. Suppose 2*s = s - s. Suppose 3*m + 12 = 0, l - 4*l + m + 58 = s. Let q be r(l). What is n(q)?
5
Let g(z) = z**3 + 4*z**2 - 15*z - 55. Let u = 9746 + -9749. What is g(u)?
-1
Let o(f) = -f**2 + 3*f + 1. Suppose 5*j - m - 19 = 0, -j - m + 17 = m. Determine o(j).
-9
Let l be ((-1 + 3/15)*1)/((-6)/(-90)). Let n(m) = m**2 + 13*m + 17. What is n(l)?
5
Let r(u) be the third derivative of 0*u**3 + 4*u**2 + 0 + 1/24*u**4 + 2/15*u**6 + 0*u**5 + 3*u. Determine r(-1).
-17
Let c(y) = -3*y**2 - 2*y - 1. Suppose 3*v + 3*p = 35 - 8, 0 = 5*p + 5. Suppose 0 = -z + 5*g - 22 - 4, 2*g = v. Give c(z).
-2
Suppose -4*y - 3*g - 2*g + 47 = 0, -3*y + g + 21 = 0. Suppose d + 2*c + 1 = -1, y = 2*d - 2*c. Let o(b) = 3*b**2 + 2*b - 3. What is o(d)?
13
Let g(n) = n**2 + 2*n. Let z be g(2). Let x(p) = -44*p + 24. Let s(k) = 10*k - 6. Let d(t) = -9*s(t) - 2*x(t). What is d(z)?
-10
Let x(d) = 2*d**2 - 4*d - 16. Let m(w) = 3*w**2 - 6*w - 25. Let c(s) = 3*m(s) - 5*x(s). What is c(3)?
2
Let n(h) = -12 + 7883*h - 15776*h + 7891*h. Determine n(-6).
0
Let f(s) = -5*s**2 + 4*s + 32. Let l(g) = 32*g**2 - 25*g - 208. Let n(q) = 39*f(q) + 6*l(q). Calculate n(4).
-24
Let u(s) = 5*s + 11. Let m be ((-27)/2 + 13)/((-4)/(-24)). Calculate u(m).
-4
Let d(y) = -8*y**3 + 7*y**2 - 5*y + 5. Let n(k) = -16*k**3 + 15*k**2 - 11*k + 11. Let s(o) = 11*d(o) - 5*n(o). Give s(1).
-6
Let d(g) = 573*g - 3444. Let a be d(6). Let k(l) be the first derivative of -l**4/4 - 5*l**3/3 + 7*l**2/2 - 5*l + 7. Calculate k(a).
-11
Let j(p) = -4*p**2 - 5 + 2*p - p**3 + 14 - 11. Suppose 2*k + 3 = 5*q, 2 = -2*k + 3*q - 3. Determine j(k).
-10
Let l be 17 - 3/(-6)*(4 - 18). Let g(w) = -19 - 4*w**2 + 3*w**2 + 5 + 12*w. Determine g(l).
6
Let y(f) be the third derivative of 1/12*f**5 + 0*f - 2*f**2 - 32 - 1/8*f**4 + 1/3*f**3. Let x be 0 + 1 - (-2 + 1). Calculate y(x).
16
Let d(q) = 21*q**3 - 2*q + 24*q**3 + q - 23*q**3 - 15*q**3. Suppose 3*b + t = 5, -3*b + 0*t + 7 = -t. Suppose -4*s - 6 = -b. What is d(s)?
-6
Let k(y) = -y - 1. Let h be (-105)/14 - 2/4. Let p be (-6)/h - 924/(-48). Suppose 4*o - r - p = 0, 3*o - 4*o + 4*r = 10. What is k(o)?
-7
Let z(a) be the first derivative of a**2 - 4*a + 32. Suppose 3*r - r + 4*p - 32 = 0, 2*r - 29 = -p. Let u be 20/50*(-1 - r). Give z(u).
-16
Let o(n) be the second derivative of -1/12*n**4 + 1/2*n**2 + 3 - 2*n - 1/2*n**3 + 3/20*n**5. Calculate o(2).
15
Suppose -32*z - 420 = -53*z. Suppose p + z = -5*b + 51, 3*p = -b + 23. Let s(v) = v - 16. Determine s(p).
-10
Suppose 4*x = 0, -5*i - 5*x - 9 = -4. Let p = i + 5. Let f(y) = -1 - 7235966*y + 7235971*y + 2. Determine f(p).
21
Let s(g) = g**2 + 2*g + 6. Let x(a) = -5*a + 83. Let k be x(18). Let q(j) = -1 + 17 + 7*j + 2 + 0*j**2 + 4*j**2. Let v(d) = k*s(d) + 2*q(d). Calculate v(5).
19
Suppose 27*n - 97 = 92. Let j(m) = -m**2 - 15*m + 153. Give j(n).
-1
Suppose 2*z - 2 = -2*i, 69*z + 5 = 68*z - 4*i. Let j(k) be the first derivative of -1/4*k**4 + 18 + 9/2*k**2 + 9*k - 2*k**z. Calculate j(-7).
-5
Let o(i) = i**3 - 9*i**2 - 3*i - 7. Let z = 254 - 245. Suppose -36 = -4*n + 3*d, z*n - 36 = 5*n + 2*d. Give o(n).
-34
Let f(s) = -s**2 - s + 2. Suppose 2*v = -b + 16 + 8, -26 = -v - 4*b. Suppose n + 6 = v. Suppose -5*a = 20, -g = 3*g + a + n. Give f(g).
2
Let u(w) be the third derivative of -w**6/120 + w**5/12 - w**4/12 + 5*w**3/6 + 41*w**2 - 1. Determine u(5).
-5
Suppose 6*y = 4*y + 48. Let t = 17 - y. Let d be (t - 0)*(1 - (4 - 2)). Let o(m) = -m + 4. Give o(d).
-3
Let l(y) = -306*y + 100*y + 104*y - y**2 + 2*y**2 + 96*y. Calculate l(5).
-5
Let j(n) = 6*n - 9*n**2 + 14*n - 9*n**2 + 17*n**2 - 27 - 60. What is j(6)?
-3
Let t(z) = 3*z + 11. Let k be t(-3). Let m(i) = 3*i + 0*i + k*i - 1. Suppose 13 = s + 11. Calculate m(s).
9
Suppose -3*x - 4 - 8 = 2*n, 5*x - 18 = 3*n. Let k = n + 14. Let g(v) = k + 43*v - 7 + 6*v**3 - 41*v. What is g(-1)?
-7
Let f(y) be the second derivative of -y**5/20 - y**4/3 + 5*y**3/6 + y. Let x be (-112)/32 + (-35)/70. Determine f(x).
-20
Let k(g) be the second derivative of 8*g + 0*g**2 - 17/6*g**3 - 1/30*g**5 + 0 + 5/24*g**4. Let n(j) be the second derivative of k(j). What is n(-6)?
29
Let l(x) be the third derivative of 0*x**5 - 1/120*x**6 + 1/24*x**4 - 1/6*x**3 + 3*x**2 + 0 + 0*x. Suppose 74*n - 75*n - 4*u = 19, u + 6 = n. What is l(n)?
-1
Let j be -8*(-1)/2 - 2. Suppose -j*l - 3 = 7. Let v(u) be the third derivative of -u**6/120 - u**5/12 + u**4/24 + u**3/2 + 19*u**2. Calculate v(l).
-2
Let i(z) = 11*z + 1. Suppose -20*g + g = -152. Suppose -69 = g*u - 53. What is i(u)?
-21
Let w(v) = v**2 - v. Let d(s) = 4*s**2 + s - 5. Let n(c) = d(c) - 3*w(c). Let p(y) = 5*y - 3. Let r be p(2). Let a = -13 + r. Give n(a).
7
Let o(z) be the second derivative of -z**4/12 + 3*z**3/2 - 5*z**2 + 22*z - 10. Calculate o(7).
4
Let c(g) = 16*g**3 + 73*g**2 + 22*g + 27. Let o(d) = 3*d**3 + 15*d**2 + 4*d + 5. Let a(m) = -2*c(m) + 11*o(m). Calculate a(-19).
1
Let c(z) = 11*z**2 + 7*z - 16. Let h(v) = -v**2 - v + 2. Suppose -p + 123 = 126. Let n(i) = p*c(i) - 24*h(i). Calculate n(2).
-30
Let z(y) be the third derivative of y**7/2520 - y**6/90 + y**5/60 + 3*y**4/4 - 102*y**2. Let u(v) be the second derivative of z(v). Calculate u(7).
-5
Let w(h) = 2*h**3 + 40*h**2 - 44*h - 51. Let a be w(-21). Let x(q) be the first derivative of q**4/4 + 8*q**3/3 - 5*q**2 - 8*q + 3. What is x(a)?
1
Let a(q) = q - 2. Let o(g) = g**3 - 22*g**2 + 21*g + 4. Let w(u) = -4*u**3 + 20*u**2 + 7*u - 14. Let k be w(5). Let i be o(k). Calculate a(i).
2
Let x(y) = 14*y + 2 - 8 - 6 - 16*y - 16*y. What is x(-2)?
24
Suppose -5*r = 3*u - 2434, -345 = -2*u - 5*r + 1276. Let a = u - 820. Let y(l) = 2*l + 18. Determine y(a).
4
Suppose 11*k + 9*k = -3*k + 46. Let n(r) = -4*r**2 + 5*r - 5. Determine n(k).
-11
Let h(y) = -y**3 - 11*y**2 - 17*y - 25. Let o = -12297 + 12287. Determine h(o).
45
Let r(f) = -4*f**2 - 5*f - 3. Suppose 0 = -5*y - 5*a, -3*y = -2*y - 2*a + 15. Let c(u) = 3*u**2 + 4*u + 3. Let h(i) = y*c(i) - 4*r(i). Give h(0).
-3
Suppose 1053 + 402 = 175*h + 230. Let v(u) = -u**3 + 11*u**2 - 7*u - 21. Determine v(h).
126
Let z(o) be the first derivative of o**5/40 - 7*o**4/24 + 2*o**3/3 - 151*o + 68. Let h(c) be the third derivative of z(c). Calculate h(6).
11
Let u